)/1. Suppose -5*k + 5*d + 0*d = -85, -k - d + 13 = j. List the prime factors of k.
3, 5
Suppose -c - 4*c + 5 = 0. Suppose -v + 1 = -c. What are the prime factors of (-1 + v + 0)*6?
2, 3
List the prime factors of ((-96)/(-56))/(4/14).
2, 3
Suppose 0 = -5*i + o - 60, -2*i - 5*o = -3 - 0. Let v = 34 - 55. Let r = i - v. What are the prime factors of r?
2, 5
Let w(p) be the first derivative of p**4/4 - 2*p**3/3 + p**2/2 - 2. Let j be w(1). Suppose j = 5*m - 31 - 19. List the prime factors of m.
2, 5
Let j = 5 - 4. Let u be 1*(0 - j)*-2. Suppose 1 = s - 5*o + 3*o, u*o = -5*s + 29. What are the prime factors of s?
5
Suppose 0 = 2*b + 5*g - 4*g - 11, 9 = 3*g. Suppose -v + 5*v - 336 = -5*f, -269 = -b*f - 3*v. What are the prime factors of (-4)/(-20) + f/10?
7
Suppose 10 = 2*w + v, -v + 0*v = w - 6. Suppose -2*p = 5*b - 36, -w*p + 3*p + 3*b + 40 = 0. What are the prime factors of p?
2, 7
Let j(c) = 77*c**3. What are the prime factors of j(1)?
7, 11
Let o be 2/8*0 - -10. Suppose -f = -o - 7. List the prime factors of f.
17
Let o(w) = -11*w - 9. List the prime factors of o(-2).
13
Let q(x) = -x**3 + 2*x**2 + 2*x - 2. Let p be q(2). Let w be (p - 3)*-44 + 1. Suppose 3*y - 8*y + w = 0. What are the prime factors of y?
3
Suppose g - 4 = 0, s + s = 2*g + 4. Let k = 0 + 3. List the prime factors of s + -5 + k + -1.
3
Let o(j) = -5*j + 3. Let c be o(3). Let x be c*(1 - (-21)/(-4)). Suppose 4*r + 13 = -3*q + x, 3*r - 15 = 0. List the prime factors of q.
2, 3
Suppose -1 - 1 = -v. Let y(t) = 11*t - 4. List the prime factors of y(v).
2, 3
Let r(s) = 2*s + 0*s + s + s - s**3 - 3 - 2*s**2. Let x be r(2). List the prime factors of (x/(-3))/((-1)/(-3)).
11
Let y(a) = a**3 - 4*a**2 + 4*a + 2. Let o be y(3). Suppose -2*d + 3*f + f = -4, -o*f = -2*d + 1. List the prime factors of d.
2
Let r = 196 - 16. What are the prime factors of r?
2, 3, 5
Let l(p) = -p**3 + p + 20. Suppose -3*i + 0*i = 2*x - 3, 5*x - i = -1. What are the prime factors of l(x)?
2, 5
Suppose 122 = v - 3*v. Let z = 87 + v. What are the prime factors of z?
2, 13
Suppose 0 = -t + 2*t - 3. Let k be 1*0/t + -2. What are the prime factors of (k/(-2))/((-2)/(-18))?
3
Suppose 4*w - 747 = -131. What are the prime factors of w?
2, 7, 11
Let y(g) = g**2 - g + 2. Let b(t) = -t**2. Let k(i) = -2*b(i) - y(i). Let x be k(2). Suppose 0 = -x*n + n + 33. What are the prime factors of n?
11
Suppose 0 = 5*r + l - 0*l - 155, -2*r + 65 = l. Suppose -r = 5*n - 5*w, -w + 12 = 2*w. What are the prime factors of n*-3*16/6?
2
Let k = -2 + 3. What are the prime factors of (-15 - (k + 1))/(-1)?
17
Suppose -p + g + 0*g - 4 = 0, -2*g - 6 = 0. Let w = 5 + p. What are the prime factors of (-110)/(-9) - w/(-9)?
2, 3
Suppose -v - 5*p + 295 = 4*v, 2*v - p = 103. List the prime factors of v.
2, 3
Suppose 2*y + 30 = -3*y. Let c = y + 19. What are the prime factors of c?
13
Let y be (-4)/(-2) + (-60)/(-3). Let w = y - 39. Let z = w - -29. What are the prime factors of z?
2, 3
Let s(k) = -2*k**2 - 31*k + 18. List the prime factors of s(-14).
2, 3, 5
Let j = 2 + 18. List the prime factors of j.
2, 5
Suppose -2*m + 14 = -3*k + 5, 4*m = 12. Let d = k + 3. Suppose -3*a + 13 = -d*y, 5*a - 7 = -3*y + 40. List the prime factors of a.
7
Let k = 146 + 121. List the prime factors of k.
3, 89
What are the prime factors of 3 + 0/5 + -2 + 262?
263
Suppose 3 = 2*k - k. Suppose -b + 84 = k*b. What are the prime factors of b?
3, 7
Let l(f) = f**3 + 2*f**2 - 2*f - 2. What are the prime factors of l(5)?
163
Suppose 4*c = -2*d + 322, 5*c - 2*c = -5*d + 791. Suppose 3*v = 2*q + d, 49 - 10 = v + 2*q. What are the prime factors of v?
7
Let u(a) = 5*a**3 + a**2. Let o be u(1). Suppose -4 = o*c - 2*c, 4*c = -5*m + 96. What are the prime factors of m?
2, 5
Let f = -42 - -29. Suppose -4*o = -9*o - 110. Let i = f - o. List the prime factors of i.
3
Suppose 9*g - 4*g = 345. List the prime factors of g.
3, 23
Let h = 9 + -8. Let o be (-17)/(-1*(h + 0)). Let t = -9 + o. What are the prime factors of t?
2
Suppose 0 = j - 4*n - 24 - 0, 0 = 2*j + 5*n - 74. What are the prime factors of j?
2
Let p be -2 - 5/(10/(-4)). Suppose 5*f + p*i = -5*i - 30, -5*f - 4*i - 29 = 0. Let j = f + 12. What are the prime factors of j?
7
Let o(z) = z**3 + z**2 + 3*z + 2. Let g(k) = k**3 + 2*k**2 + 4*k + 2. Let d(h) = -2*g(h) + 3*o(h). List the prime factors of d(0).
2
Let a(f) = -6*f**3 - 4*f**2 - 2*f + 5. What are the prime factors of a(-3)?
137
Suppose 0 = 2*f - 4*g + 16, 0*f - f = -5*g + 23. Let c be -12*f/(-4)*1. Suppose -q + 3*q = c. What are the prime factors of q?
3
Suppose -n - 4*r + 151 = 4*n, 2*n - r - 50 = 0. What are the prime factors of n?
3
List the prime factors of 1 + 48 + (-3)/3.
2, 3
Suppose 20 = 2*q - 4*u, 2*q - q - 28 = -4*u. List the prime factors of q.
2
Suppose 4*p - 15 = -p. What are the prime factors of p + (-20)/(-1) + 3?
2, 13
Let f(a) = 5*a + 16. Let h(k) = -10*k - 31. Let m(b) = 11*f(b) + 6*h(b). List the prime factors of m(-7).
5
Suppose 7*x - 6 = 4*x. Suppose -3*y - x*y + 155 = 3*c, -y + c = -23. Suppose 3*r - 5 = -14, y = v - 3*r. What are the prime factors of v?
19
Let t be ((-4)/10)/((-3)/30). Suppose 0 = 4*z - z - 5*s - 187, 5*z - t*s - 290 = 0. What are the prime factors of z?
2, 3
Let o(l) = l + 10. Let j be o(-8). Suppose -j*t + 3*x = -36, -3*t + 72 = t - x. What are the prime factors of t?
2, 3
Suppose 5*b - 36 = 2*i, 5*i = -b + 4*b - 33. Suppose -h + b = -7. List the prime factors of h.
13
Suppose c + 62 - 19 = 0. Let z = c - -73. Suppose 0 = -0*x - 2*x + z. List the prime factors of x.
3, 5
Suppose 2*b = 4*b - 8. Suppose -4*k - 16 = b*t, -t - t + k + 4 = 0. Suppose -3*d + j + 18 = t, 20 = 5*d + j - 18. What are the prime factors of d?
7
Let f(h) = -4*h**2 + 3*h - 2. Let r be f(2). Let i = 12 - r. What are the prime factors of i?
2, 3
Suppose -7 = -4*p + 1. Suppose -p*m - 2 = 4*c + 12, -5*c + 4*m = 24. What are the prime factors of (8 - 1) + c/2?
5
Let d(m) = 3*m**2 + 19*m + 3. Let n(o) = -o**2 - 6*o - 1. Let u(z) = -2*d(z) - 7*n(z). Let k(r) = -4*r + 3. Let h be k(2). What are the prime factors of u(h)?
2, 3
Let u be 285/5 - (1 - -1). Suppose 2*p + 5*q = 17, -5*p - 4*q - 4 + u = 0. List the prime factors of p.
11
Suppose 0 = 4*y - 2*y - 4*d + 4, -4*y - 8 = 4*d. Let w = y + 2. Suppose 3*t = -w*t + 12. What are the prime factors of t?
2
Suppose 3*x - 20 + 5 = 0. Let z(n) = n**3 - 4*n**2 - 11*n. Let u(p) = -3*p**3 + 12*p**2 + 32*p - 1. Let t(y) = 4*u(y) + 11*z(y). List the prime factors of t(x).
2, 3
Suppose 9 = -t - 5*j, -t + 4 = 3*j + 5. List the prime factors of t.
11
Let u(n) = -n**3 - 12*n**2 - 2*n - 9. List the prime factors of u(-12).
3, 5
Let r(f) = f + 6. Let c be r(-6). Suppose c*v - 50 = -v. Suppose -4*y = y - v. What are the prime factors of y?
2, 5
Let j = -4 - -7. What are the prime factors of j?
3
Let o(y) = -4 - 7*y + y**3 + 4*y**2 - 2*y**2 + 4*y**2. Let u be o(-7). Let j(n) = -n**2 - 9*n - 4. List the prime factors of j(u).
2
Let t = 10 + -5. What are the prime factors of t?
5
Let s(y) = -y. List the prime factors of s(-7).
7
Let w(k) = 2*k**2 + 23*k - 6. Let p be w(-12). Suppose -2*u = -5*b - 24, 4*u - 2*b = 2*b + 24. Suppose j = u*j - p. List the prime factors of j.
2, 3
Let t be (5 - 3) + 3 + 0. Suppose 5*x - 32 = -t*h + 23, -2*h = -2*x - 30. What are the prime factors of h?
13
Suppose -4*s - s - 17 = 2*k, -s + 15 = 5*k. Suppose -k*q + 70 = q. List the prime factors of q.
2, 7
Let u = 3 + 2. Suppose 20 = u*k + 5. Let b = 9 - k. List the prime factors of b.
2, 3
Let g(d) = 2*d**2 + 19*d + 11. Let k be g(-14). Suppose -62 = -2*w - 0*i + 4*i, -3*w = 5*i - k. List the prime factors of w.
3, 13
Let o(n) be the second derivative of -2*n + 1/2*n**3 + 0 - 1/2*n**2. List the prime factors of o(3).
2
Suppose -5*a = -4*f - 4*a + 173, 79 = 2*f - 3*a. List the prime factors of f.
2, 11
Let u(v) = v**3 - 4*v**2 + 4*v - 7. Let p be u(5). Suppose p = -3*l + 5*j + 95, 2*j = -3*l + 78. Let t = 35 - l. What are the prime factors of t?
11
Let z be 14/(-5) - (-2)/(-10). Let v = 11 + z. List the prime factors of v.
2
Suppose -29 = 3*b - 4*b. What are the prime factors of b?
29
Suppose -i = -4*i + 12. Suppose -i = -0*c - 2*c. Suppose 0*r = c*r - 28. List the prime factors of r.
2, 7
Let q(j) be the second derivative of -3*j**5/20 - j**4/4 - j**3/3 - j**2